What is the greatest common divisor of 125 and g?
25
Let y be (27 - 5)*(-30)/(-4). Suppose -4*h + y = -h. Suppose -3*a = c - 4*a - 25, 3 = -a. Calculate the greatest common factor of c and h.
11
Let m be (-6)/(-27) + (-853)/(-9). Let h be 2*(-4)/16*-38. Calculate the greatest common divisor of h and m.
19
Let u(m) = -34*m - 518. Let i be u(-16). Suppose r - 624 = -2*r. Calculate the highest common factor of r and i.
26
Suppose -11*v = -282 - 180. What is the highest common factor of v and 63?
21
Let o = -27 + 51. Let s be -8*-2*21/o. Calculate the highest common divisor of 28 and s.
14
Let j be (8/(-10))/((-2)/5). Suppose -40 = -j*k - 10. Suppose 4*c - 5 = k. Calculate the greatest common divisor of c and 25.
5
Let g(o) = o**3 + o**2 + o - 2. Let l be g(-3). Let k(s) = s**2 + 20*s + 4. Let a be k(-19). Let f = a - l. Calculate the greatest common factor of f and 12.
4
Suppose -3*s - k + 9 = -49, 0 = -4*s - k + 76. Calculate the highest common factor of 30 and s.
6
Let j = -50 - -29. Let c be j*(-1)/(-3)*-5. Calculate the greatest common divisor of c and 14.
7
Let l = 347 - 147. Calculate the highest common factor of 20 and l.
20
Let q(g) = -g**3 + 7*g**2 - 3*g. Let w be q(4). What is the highest common factor of w and 12?
12
Suppose -3*h - 2*h = -150. Suppose -90 = -162*b + 159*b. What is the greatest common divisor of h and b?
30
Let l = 117 + -73. Suppose 0 = 5*u + 3*r - 63, 4*u - u + 2*r - 37 = 0. Let y be 31/3 + 10/u. Calculate the greatest common divisor of l and y.
11
Suppose -473 = -5*i + 167. Let w(f) = -3*f - 1. Let l be w(-5). Let b be (-4)/l - (-228)/14. What is the greatest common divisor of b and i?
16
Let l be (12/8)/((-1)/(-2)). Let i be (3/6)/(l/72). Calculate the greatest common factor of 48 and i.
12
Let u = 52 - 34. Suppose 12 = 3*f - f. What is the highest common factor of f and u?
6
Suppose -1 = -u, 0 = -4*n - 2*u - u + 31. What is the highest common factor of 77 and n?
7
Suppose -17 + 73 = 3*f + 5*i, -5*f + 104 = 3*i. What is the greatest common divisor of f and 22?
22
Let w(r) = -r**2 + 126. Let g be w(0). Calculate the greatest common divisor of g and 14.
14
Suppose -3*p - 4 - 41 = 0. Let t be (7 - 1)/(p/(-70)). What is the greatest common divisor of t and 4?
4
Suppose x + 0*x = 6. Let s(o) = o**2 + o + 3. Let q be s(0). What is the highest common divisor of q and x?
3
Let j = -15 - -20. Suppose -j*v + 81 - 11 = 0. What is the greatest common divisor of v and 7?
7
Suppose 8 = 4*w - 6*w. Let b be (-1 + -21)/(w + 2). What is the highest common factor of 22 and b?
11
Suppose -r = -6*r + 25. Suppose r*a = 1 + 14. Suppose -5*n - 20 = 0, -a*h + 2*n + 2*n + 58 = 0. Calculate the highest common divisor of 112 and h.
14
Suppose 0 = o + 3*o. Suppose m - 9 - 54 = o. Let q be 9/(-15) + m/5. Calculate the highest common divisor of 12 and q.
12
Let l be (-87)/(-12) + 1/(-4). What is the greatest common factor of 21 and l?
7
Let r be 96/(-28)*42/(-4). Let m(y) = 9*y. Let z be m(2). What is the highest common factor of z and r?
18
Let j = -21 - -11. Let k be j/6 - 3/9. Let d be 15 + (k - (-6)/3). What is the highest common factor of d and 120?
15
Suppose 2*f = -o - 11, 3*f - 2*o - 3*o - 16 = 0. Let y be (-44)/(-8)*(-6)/f. Calculate the highest common factor of y and 44.
11
Suppose -4*w + 3 + 41 = 0. Calculate the greatest common divisor of w and 44.
11
Suppose 0 = d + 6*d - 133. Calculate the highest common factor of 19 and d.
19
Suppose 2*i - 6*i + 1012 = 0. Let r = i + -136. What is the highest common divisor of r and 13?
13
Let s(u) = -u**3 - 7*u**2 - 5*u + 6. Let i be s(-6). Suppose -15 = -3*v - i. What is the greatest common divisor of 55 and v?
5
Suppose 5*l = 2*l + 351. What is the greatest common factor of 13 and l?
13
Suppose x + 7 = 2*q, -x = 5*q + 3*x + 2. Suppose 7 = 2*t - 17. What is the highest common divisor of t and q?
2
Let u(p) = p**3 - p**2 + 45. Let z be u(0). Let f(c) = -c**3 - 6*c**2 + 6*c + 2. Let k be f(-7). Calculate the greatest common divisor of k and z.
9
Let l = 38 - -10. Calculate the greatest common divisor of 72 and l.
24
Let o = -5 - -7. Let k be (-4)/(3/((-33)/o)). Let p(t) = t**2 - 11*t + 2. Let i be p(11). Calculate the greatest common divisor of k and i.
2
Let w be 5 + (-981)/(-39) - 4/26. What is the greatest common divisor of w and 10?
10
Let g be 140/(-2)*(-56)/35. What is the greatest common divisor of 16 and g?
16
Suppose 15*k + k - 272 = 0. What is the highest common divisor of k and 136?
17
Let b be 2 + -3 + (-6)/(-1). Let w be b/30 + 214/12. What is the highest common divisor of 144 and w?
18
Suppose 5*f + 105 = 160. Let z(q) = -19*q + 4. Let b be z(-5). Calculate the greatest common factor of f and b.
11
Let a(h) = h**2 - 6*h. Let t be a(5). Let b be 5/(t/(-2)) - -18. Let z = b + -12. Calculate the highest common factor of z and 56.
8
Let s be 2 + 0 - (0 - 0). Suppose s = 2*k - 2. Suppose -4*o - l + 85 = 0, -k*l = 4*o - 64 - 26. What is the greatest common factor of 8 and o?
4
Let d(w) = -w**2 - 16*w - 44. Let f be d(-6). Calculate the highest common divisor of f and 24.
8
Let t be (-8)/(-6) + (-256)/(-6). What is the highest common factor of 22 and t?
22
Suppose -b + 1 - 5 = 0, -5*h = 5*b - 30. Let o = 195 + -85. What is the greatest common divisor of o and h?
10
Suppose 23 = 3*d - d + f, 5*d - 20 = 5*f. Calculate the greatest common divisor of 99 and d.
9
Suppose 57 + 93 = 5*n. Calculate the greatest common factor of n and 12.
6
Let c(f) = f**2 + 4*f. Suppose -5*n + 0*j - 3*j + 27 = 0, 4*n + 3*j = 24. Suppose n*s = -s + 28. Let l be c(s). What is the highest common divisor of l and 7?
7
Let c be 1 + 2 - (-9 + -12). What is the highest common divisor of c and 60?
12
Let v(z) = -z**3 + 7*z**2 + 9*z - 7. Let x be v(8). Let m be (0 + 2)/2*0. Suppose m = 2*p - 6*p + 4. Calculate the highest common factor of p and x.
1
Let r be 0 - -1*6/2. Let q be 318/9 - r/9. What is the greatest common factor of 7 and q?
7
Let n = -13 - -14. Calculate the highest common divisor of 1 and n.
1
Let j(y) = -2*y + 34. Let n be j(6). What is the highest common divisor of n and 242?
22
Let h(l) = 6*l**3 - l. Let v be h(1). Suppose -v*i + 1 = -9. Suppose -20 = -i*a - 3*d, -3*d = 5*a - 0*d - 59. What is the highest common factor of 39 and a?
13
Suppose 193 = 5*x - 27. Calculate the highest common factor of x and 4.
4
Let d(f) = -f + 26. Let a be d(-11). What is the highest common factor of a and 333?
37
Let m be ((-6)/4)/((-15)/(-440)). Let r be (-256)/m - 2/(-11). What is the greatest common divisor of 36 and r?
6
Let u be ((-16)/(-12))/(2/132). Let j be (12/(-16))/((-2)/u). What is the greatest common factor of j and 22?
11
Suppose -3*x + 443 = -2*z + 123, 5*x - 2*z = 528. Suppose 4*g + 3*i - 40 = 0, 0*g + g - 5*i - 33 = 0. Calculate the highest common divisor of g and x.
13
Let f(o) = 2*o + 6. Let p be f(15). Calculate the greatest common divisor of 180 and p.
36
Suppose 4*a - 3 = 49. What is the highest common factor of 143 and a?
13
Let j = 32 - 17. Suppose j = 4*a - a. Suppose a*g - k - 60 = 0, -3*k = -2*g - 2*k + 21. Calculate the greatest common factor of g and 52.
13
Suppose -53 - 7 = -h. Suppose -2*w + 2*z = -24, h = 3*w + 2*z + 3*z. Calculate the greatest common factor of 10 and w.
5
Let t(p) = 6*p + 16. Let f be t(3). Calculate the highest common factor of f and 68.
34
Let c be 4/(-20) + (-81)/(-5). Calculate the highest common factor of c and 16.
16
Let f = 15 - 11. Let x(n) = n - 4. Let c be x(f). Suppose -5*m - 5*y + 165 = c, 3*y - 6*y = -m + 21. What is the greatest common divisor of 75 and m?
15
Suppose -4*u + 0*u = -132. Suppose 44 = 4*a - 0*a. Calculate the highest common divisor of a and u.
11
Suppose o = -5*w - 3*o + 69, 3*o = 5*w - 97. Let i(p) = -p**2 - 12*p - 1. Let j be i(-5). Calculate the highest common divisor of w and j.
17
Suppose 3*z + 8 = -2*g + 21, -2*z - 52 = -3*g. Let r be (-7)/((-6)/4 + 1). Calculate the highest common factor of g and r.
14
Suppose u = 3*u. Suppose u = -4*c + 91 - 35. Let h(i) = -78*i - 2. Let w be h(-2). Calculate the highest common divisor of w and c.
14
Let t = 16 - 12. Suppose 638 + 330 = t*w. Calculate the highest common divisor of w and 22.
22
Let z = -352 - -568. What is the greatest common factor of 24 and z?
24
Let z be (5/2)/(7/56). What is the highe